of 1106 and i.
14
Suppose 5*g - 4*a - 26 = 0, 0 = 5*g + a - 3*a - 28. Let r(i) = 4*i**2 + 10*i - 9. Let n be r(g). What is the greatest common factor of n and 60?
15
Suppose 2*h - 5*z - 51715 = 0, -10*h = -8*h - 2*z - 51724. Calculate the greatest common divisor of 35 and h.
35
Suppose -13*c + 14*c = -2*a - 6, 3*a + 27 = 3*c. Suppose l = -l + c. Suppose d + 68 = 3*q - 3*d, 3*q - 53 = d. What is the highest common factor of q and l?
2
Suppose 68790 = 4*b - 5*w, 5*b + 48*w - 85944 = 47*w. What is the greatest common divisor of 180 and b?
90
Suppose -5269 = 139*w - 25007. Calculate the highest common factor of w and 20022.
142
Let q(b) = -70*b - 1099. Let d be q(-17). Let j(g) = -2*g**3 - 9*g**2 - 7*g - 7. Let t be j(-6). What is the greatest common factor of d and t?
13
Let f(c) = 682*c**3 + 6*c**2 - 5*c - 1. Let k be f(1). What is the highest common factor of 11 and k?
11
Let i be -12*((-126)/12)/(-7). Let m = 42 - i. Let s = -11 + 23. What is the highest common factor of s and m?
12
Suppose 134 = t + 12*d - 13*d, t + 4*d - 154 = 0. What is the greatest common factor of t and 6?
6
Let v be (-18)/((-1224)/1343)*964. Calculate the greatest common divisor of 79 and v.
79
Let r = -1719 - -3019. What is the highest common divisor of r and 20?
20
Suppose -x = m + 2*m - 4, 5*x + m - 6 = 0. Let c = x + -5. Let a be (1 + -1 - -27) + 12/c. What is the highest common divisor of a and 12?
12
Suppose 2*c + 2*c - 86 = 5*t, 3*t - 3*c + 54 = 0. Let m = t + 26. Let a be 0 - (-10)/8 - (3915/(-36) - -14). Calculate the greatest common divisor of m and a.
12
Let v be 0 - -1367 - 30/(-3). Calculate the greatest common divisor of v and 72.
9
Let a(k) = k**2 - 41*k + 61. Let w be a(41). Suppose -3*j - 25 = -w. What is the highest common factor of j and 444?
12
Let m(w) = -30*w - 215. Let y(d) = 13*d + 223. Let g be y(-18). Let s be m(g). What is the highest common factor of s and 92?
23
Suppose 3*o - 105 = -6*w, 46 = 3*o + w - 29. What is the greatest common divisor of 27 and o?
1
Suppose -4*c + 39 = o, 2*o + 3*c = 3*o - 25. Let r = -28 + o. Let m be (-1)/(r - 1)*(-5 - 37). Calculate the greatest common factor of 147 and m.
21
Let w = 14590 + -14583. What is the greatest common factor of 91 and w?
7
Let p(f) = f**3 + 6*f**2 - 13*f + 8. Let k(z) = z**2 - z - 1. Let i(n) = -5*k(n) + p(n). Let j be i(3). Calculate the highest common divisor of 475 and j.
25
Let b be ((-42)/(-14))/((-6)/(-8)). Suppose 0 = b*q + 3*j - 315, 3*q - 388 = -2*q + 2*j. Let w = q + -73. Calculate the greatest common divisor of w and 25.
5
Suppose -295*q - 1224 = -292*q. Let c = -372 - q. Calculate the greatest common divisor of 84 and c.
12
Let h(o) = -2*o**3 + 45*o**2 - 9*o + 56. Let v be h(21). Calculate the highest common factor of 20 and v.
10
Suppose 0 = -k - 24 + 99. Let y = 95 - k. What is the greatest common factor of 100 and y?
20
Let i = -2584 + 2632. What is the greatest common divisor of i and 84?
12
Let f be (13/((-260)/(-8)))/((-10)/(-1900)). Let o = 47 + -28. What is the highest common factor of f and o?
19
Suppose 4*q + 17 = 5*d, 4*d - 2*d = -4*q - 10. Let f(u) = -u - 72 - 86 + 138. Let m be f(-25). What is the highest common factor of m and d?
1
Let j(s) = -82*s + 421. Let c be j(3). Calculate the greatest common factor of 1075 and c.
25
Suppose 14*t - 17*t = -36. Suppose t*f - 11*f - 216 = 0. What is the greatest common divisor of f and 27?
27
Suppose -3232*f + 3246*f - 1120 = 0. Suppose 5*l - 167 = 348. Let x = l - 71. What is the highest common factor of f and x?
16
Let s = -1315 + 1900. Suppose 5*c - 615 = -5*q, 5*c = -4*q + 9*q - s. What is the highest common factor of 80 and q?
40
Let t be 10/4 + (-1)/2. Let s = 5277 - 5275. What is the highest common divisor of s and t?
2
Suppose 295*t - 20 = 297*t. Let z be (2 + 1*8)/(t/(-20)). What is the highest common divisor of 80 and z?
20
Let w = 8599 + -8335. What is the highest common divisor of w and 216?
24
Let i = -43 + 186. Let d be (-31864)/(-308) + (-18)/(-33). What is the greatest common factor of i and d?
13
Let z be (-9 - 1)/(6 - 7). Suppose 7*n = z*n - 210. Suppose 3*v = i - 8 + 6, v - 4 = 0. What is the greatest common factor of n and i?
14
Suppose 4*x + m = 59, 4*x + m - 62 = 3*m. Let w be (-105)/(-4) - x/12. Calculate the greatest common factor of 175 and w.
25
Let q be 18/(-15)*-5 + (1 - 3). Suppose 0*m - 2*t - 23 = 3*m, -t = q*m + 34. Let o be (-10)/((50/m)/(-2) - 3). What is the greatest common factor of o and 3?
3
Let s(t) = -5*t + 7. Let j be s(-2). Let x(a) = 2*a + a**2 + 0*a - j + 23. Let q be x(-5). What is the greatest common divisor of 105 and q?
21
Suppose -34*u = -37*u + 75. Suppose 2*k - 2*s - 4 = 0, 0 = k + 2*k + 5*s - 22. Let d be k/(-1) + (u - 0). What is the greatest common divisor of d and 3?
3
Let m be 8466/22 + 106/583. What is the greatest common factor of 175 and m?
35
Let h be ((-222)/10)/(414/(-42090)). Calculate the highest common factor of 259 and h.
37
Suppose 3*u = -18, 794*l - 799*l + 849 = u. Suppose -4*k = 2*j - 146, -j + 0*j = -5*k + 193. Calculate the highest common factor of k and l.
19
Let l be (-3)/12 + (-4)/32*-21634. Calculate the highest common factor of l and 377.
13
Suppose 0*h + 5*f = -h + 350, 0 = h + f - 358. Suppose 11*l = 5*l + h. What is the greatest common divisor of 12 and l?
12
Suppose 49*n - 52*n + 24823 = g, 0 = -5*n - g + 41371. Calculate the greatest common factor of 18 and n.
6
Suppose -3192 = -112*m + 48*m - 202*m. Let l be (-8)/24 - 16/(-3). Suppose 0 = b - v - l - 9, 0 = 4*v + 8. Calculate the highest common factor of m and b.
12
Let c be -32 + 19 - -24 - -97. Suppose -p = 3*h - 4 + 10, 2*p - h - 16 = 0. Let x be (p/8)/(1/16). Calculate the greatest common factor of x and c.
12
Let b be 1/((-6)/12 - 0). Let p be (192/10)/(b/(-20)). Calculate the highest common divisor of p and 6.
6
Let f(j) = 51*j + 333. Let c be f(52). Calculate the greatest common divisor of c and 30.
15
Let d be (-6 + (-40)/25)*-5. Suppose 0 = 4*z + 7*i - 3*i - 100, -i - d = -2*z. What is the highest common factor of 168 and z?
21
Let v be 29 - -1 - (-3 - (-2 - -4)). Suppose -1863 = -v*r + 8*r. What is the highest common factor of r and 184?
23
Let b = 223 - -20. Let u(y) = 2*y**3 + 3*y**2 - 2*y + 1. Let n be u(2). Let k = 2 + n. What is the greatest common divisor of k and b?
27
Let d(u) = 76*u - 52. Let f be (-20)/(-25)*(1 + 6/4). Let c be d(f). What is the greatest common factor of c and 10?
10
Let s = 16976 - 16616. What is the highest common factor of s and 270?
90
Let v be 3 + 1/3*6. Let k(l) = l**3 - 10*l**2 - 4*l - 37. Let z be k(11). Calculate the highest common divisor of v and z.
5
Suppose 28 = -4*s + 4*x, 2*s - 4*s + 4*x = 14. Let c = -28 - s. Let p be (2/(-3) - (-7)/c)*-33. Calculate the highest common divisor of 66 and p.
33
Suppose -5*v - 5*f + 137 = -673, f = 3*v - 490. Let o = -145 + v. What is the greatest common divisor of o and 30?
6
Let x(c) = 45*c**2 + 527*c + 2150. Let o be x(-4). What is the greatest common factor of 96 and o?
6
Let o be (-18)/((-15)/5 - -1). Suppose 0 = -o*d + 442 + 1178. Calculate the highest common divisor of 144 and d.
36
Let f(y) = -167*y + 11078. Let n be f(58). What is the highest common divisor of n and 986?
58
Suppose 0 = v + 2*u - 320, -3*u - 3 = -18. Let z be (v/(-30))/(2/216 + 0). Let y be 2/5 + z/(-60). Calculate the highest common divisor of y and 133.
19
Let d be ((-5)/(-10))/(1/(-2))*-2489. Calculate the greatest common divisor of d and 917.
131
Suppose -62*s + 65*s - 54 = -2*x, -s - 5*x + 5 = 0. Let o = -11 - -5. Let l be (-247)/o - (s/(-24))/(-5). What is the greatest common divisor of l and 123?
41
Let k be -4 + ((-577)/(-1) - (-30)/6). Let r = k - 438. What is the highest common factor of r and 20?
20
Let h(p) = -p**2 + 6*p + 37. Let n be h(-3). Suppose -n*f = 518 - 2268. What is the highest common divisor of f and 35?
35
Let y be (1*(-18)/15)/((-90)/225). What is the greatest common divisor of y and 25?
1
Suppose -v - 4*x + 84 = 0, -3*x + 470 = 4*v + 134. Let b = v - 73. Calculate the greatest common divisor of b and 209.
11
Let j = -11 + 19. Suppose 5*f - 6*f = -j. Let g = -5383 - -5385. Calculate the highest common divisor of f and g.
2
Let q = 12994 + -12864. Calculate the highest common factor of 702 and q.
26
Let w(h) =